et w(u) = 3*k(u) + 5*s(u). Give w(2).
23
Let c(q) = -q**3 - 3*q**2 + 2*q + 1. Suppose 0*z - 2*z + k = -19, 0 = -2*z + 5*k + 23. Let v be (0 - 5)*2 + -2. Let g = z + v. Determine c(g).
-5
Let c = 44 - 42. Let z(x) = -8*x - 7*x**2 + 5 - 11*x**2 - 6*x**2 + 25*x**c. What is z(8)?
5
Let h(z) = 3*z**3 + 15*z**2 - 17*z + 5. Let g(d) = 4*d**3 + 22*d**2 - 25*d + 8. Let y(i) = 5*g(i) - 7*h(i). Let b = 3556 - 3552. What is y(b)?
-3
Let c(i) = -3*i - 3. Let y be c(-3). Let u(m) = -8*m + 4*m**2 - 5 - 2*m**3 + y*m**3 - 3*m**3. Suppose 0 = 129*j - 132*j - 15. Give u(j).
10
Let v(z) = 2*z - 2*z + 3*z - 2 - 2. Let j(t) = -2*t + 105 + t - 104. Let a(x) = 17*j(x) + 6*v(x). What is a(5)?
-2
Let p(x) = -3*x + 16. Suppose -5*j + 4*r + 31 = 0, 4*j - 2*r - 5 = 3*j. Determine p(j).
-5
Let s(j) be the second derivative of 5*j**4/6 + j**3/6 + j**2/2 + 2*j. Determine s(-2).
39
Let l = -380 + 378. Let h(b) = -b**3 + b**2 + 2*b + 3. Give h(l).
11
Let a(m) = 6*m. Let u(s) = -s + 1. Let b(w) = -12*w + 5. Let t(h) = -b(h) + 5*u(h). Let k(o) = 6*a(o) - 5*t(o). Give k(4).
4
Let g(u) = -u**3 - 6*u**2 + 2*u + 9. Let v(m) = 6*m**2 + 30*m + 30. Let t be v(-1). Let q = 21 + -33. Let x = q + t. Give g(x).
-3
Let j(p) be the third derivative of p**5/60 - 11*p**4/24 - 13*p**3/6 + 289*p**2. Give j(12).
-1
Let f(j) = -j**3 - 27*j**2 + 4*j - 45. Let n(p) = -2*p**3 - 55*p**2 + 9*p - 94. Let k(h) = 13*f(h) - 6*n(h). Determine k(-21).
21
Let b(h) = -8*h**2 + h - 1. Let j(u) = u + 3. Let p be j(6). Let n be (5/15)/(3/p). Calculate b(n).
-8
Let l(g) = -43*g**2 - 14*g**2 + 46*g**2. What is l(-1)?
-11
Let s(t) = -3*t**3 - 5*t**2 + 4*t - 5. Let a(m) = 3*m**3 + 6*m**2 - 5*m + 6. Suppose 0 = 10*g - 0 + 60. Let h(k) = g*s(k) - 5*a(k). Calculate h(1).
4
Let f(s) = s**2 + s + 12. Let k(c) = -c + 1. Let x(h) = h**2 + 18*h + 5. Let b(l) = 10*k(l) - 2*x(l). Let q be b(-23). What is f(q)?
12
Let x(j) = -8*j**2 - 2*j + 1. Let i be x(1). Let d = i - -11. Let t(r) = -3 - 3*r + 0*r**2 + 10*r - r**3 + 6*r**d. What is t(7)?
-3
Let z(n) be the first derivative of n**3/3 + n**2/2 + 2*n + 22. Calculate z(-3).
8
Suppose 2 = 4*r + 2*b, 10*r - b + 4 = 13*r. Let j(v) be the second derivative of -1/12*v**4 + 0 - 1/3*v**r + 9*v + v**2. What is j(2)?
-6
Let k(x) = x**3 + 2*x**2 + 2*x - 3. Let j(c) = c**3 + 3*c**2 + 3*c - 3. Let h(a) = 3*j(a) - 4*k(a). Suppose -2*s = 4 - 20. Let m = 8 - s. Give h(m).
3
Suppose -62*z + 53*z + 63 = 0. Let m(s) = -s**3 + 6*s**2 + 8*s - 1. What is m(z)?
6
Let d(u) = -4*u - 3*u + 3 + 6*u. Let s be d(5). Let f(c) = c**2 - 1. Let l(o) = -3*o**2 - 2*o + 1. Let i(v) = 5*f(v) + 2*l(v). What is i(s)?
1
Suppose 3*z = -3*i + 6, -4*i + 1 = -3*i. Let l = -28 + 31. Let w(x) = -x**l + 1 - 5*x**2 + 2*x - 3 + z. What is w(-5)?
-11
Let t(l) = -l**3 + 9*l**2 - 10*l + 11. Let w(j) = -j**2 - 3*j + 10. Let i be w(2). Suppose i*k = 4*k - 32. What is t(k)?
-5
Let o be (15/6)/((-5)/(-10)). Let u(n) = -n**3 + 6*n**2 - 3*n - 4. Let j be u(o). Suppose 0*x = -2*x - j. Let y(m) = -m**3 - 3*m**2 + 2*m + 4. Determine y(x).
-2
Let f(j) = -176039*j**2 + 176038*j**2 + 10 + 5. What is f(-7)?
-34
Let j(u) = u**3 + 11*u**2 + 11*u + 15. Let h be j(-10). Suppose -1 = -h*v - 16. Let q be 6/3 - -1 - v. Let t(l) = -l - 1. What is t(q)?
-7
Let q be -4 - 5/(15/6). Let p(v) = -7*v - 22. Let z(a) = 13*a + 40. Let t(x) = -11*p(x) - 6*z(x). What is t(q)?
8
Let p(w) be the second derivative of -w**7/840 + w**6/90 - w**5/60 + w**4/8 - 7*w**3/3 - 18*w. Let r(n) be the second derivative of p(n). Calculate r(4).
-5
Let t(r) = -5*r - 1. Let y be t(1). Let o(s) = -50*s**3 + 19*s**2 - 2*s - 33. Let v(g) = 11*g**3 - 5*g**2 + 8. Let f(c) = -2*o(c) - 9*v(c). Determine f(y).
6
Let b(m) = 3*m. Suppose -4*n + 0*a - a - 86 = 0, -2*n - 38 = 3*a. Let f = n + 21. What is b(f)?
-3
Let s(n) = -2*n**2 - 5*n - 4. Let o(w) = w**2 + 2*w + 1. Let d(m) = 7*o(m) + 2*s(m). Let q = -29 + 21. Let g be ((-3)/4)/((-2)/q). Give d(g).
14
Let x(f) be the first derivative of f**7/140 - f**5/60 + f**4/24 - 14*f**3/3 + 14. Let y(r) be the third derivative of x(r). Determine y(1).
5
Let i(x) = -2*x - 3 - 2*x + 1 + 21 - x. Give i(13).
-46
Suppose 190 - 190 = -7*y. Let b(j) be the third derivative of -6*j**2 + 0 + 1/6*j**4 - 1/6*j**3 + y*j. Determine b(2).
7
Let m(x) = -2*x + 4. Let h(i) = -i - 10. Let z(s) = 7*s**3 - s**2 + s + 1. Let t be z(-1). Let w be h(t). Let c be 8 - (1 - (w + 0)). What is m(c)?
-6
Let l(s) be the second derivative of -1/20*s**5 - 1/2*s**3 - 3*s**2 - 5/12*s**4 + 0 + 15*s. Suppose -5*q + 0*z + 3*z - 34 = 0, -2 = -2*q - 4*z. What is l(q)?
9
Suppose w - 12 + 7 = 0. Let f(s) = -s + 8. Calculate f(w).
3
Suppose -2 = 9*l - 20. Let y(i) = i + i**l + 7 + 1 - 12. What is y(-3)?
2
Let u(b) = b**3 + 6*b**2 + 2*b + 10. Let s be u(-6). Let x(p) = -4*p**3 + p**2 + 2*p. Determine x(s).
32
Let a(k) = -k**3 + 6*k**2 - 2. Let u be a(6). Let f(i) be the first derivative of i**4/4 + 2*i**3/3 - i**2/2 + i - 478. What is f(u)?
3
Let p(l) = 4 - l**2 + 2*l + 0*l**2 - 10*l - 1. Let j be p(-8). Suppose 2 = -3*d + 2*k, 0*k - 6 = 3*d - j*k. Let o(i) = i**2 + 1. Calculate o(d).
5
Suppose -5*q - 25 = -3*b - 5, -q = 4*b + 4. Let t(g) = g - 4. What is t(q)?
-8
Let b(i) = -174*i + 2*i**2 + 339*i - 169*i - 8 - i**2. Let d = -2 + 8. Determine b(d).
4
Let r(w) = -3*w + 2. Let d(y) = -y**2 + 4*y. Let j be d(4). Suppose 2*o - 12 = -j. Suppose 0 = -0*i - 2*i + o. Calculate r(i).
-7
Let c be 1 - (-9 - -10) - 8. Let s(f) = f**3 + 10*f**2 + 16*f - 7. Determine s(c).
-7
Let b(v) = -v**2 + 5*v - 2. Let u = -490 - -494. What is b(u)?
2
Let l be 2/4 - 2/4. Let n(h) be the second derivative of -h**5/20 - h**4/12 + 4*h**2 - 41*h + 18. What is n(l)?
8
Let d(u) = 3*u**3 - u**2 + 9. Let w be d(-3). Let i be 1/(w/21 - -4) + -4. Let g(l) = l**2 - 4. What is g(i)?
5
Suppose -3*s = -7*s + 16, 5*i - 3*s = -2. Let p(u) = u - 7. Let l be p(10). Let z(n) = 4*n**2 + 7*n - n**i + 3 - 1 - l*n. Give z(-2).
6
Let j(x) = -x + 1. Let b(u) = u**2 + 790*u - 797*u - 4 + 6. Let r = 10 - 4. Let s be b(r). Determine j(s).
5
Let y(s) = -s**3 - 2*s**2 + s + 3. Let i(c) = -c**2 - 2*c**3 - c + 5*c**3 + 2*c**2 - 2*c**2. Let l be i(-1). What is y(l)?
9
Suppose 2*b = 4*n + 6, -4*b - 6 = n + 18. Let t be 12/n + 10 - 2. Let u(v) be the first derivative of -v**3/3 + 3*v**2 - v - 55. Calculate u(t).
4
Let t(n) = 13*n**2 + 28*n - 35. Let a(v) = 5*v**2 + 9*v - 12. Let y(u) = -8*a(u) + 3*t(u). Give y(10).
11
Let j(c) be the second derivative of -c**6/120 + c**5/30 + c**4/6 + c**3/6 + 53*c**2/2 - 2*c - 2. Let z(x) be the first derivative of j(x). Determine z(3).
4
Let o = -6 + 13. Let f = o + -5. Let s(i) = -5*i**2 - i**3 - 14 + 9 + 9*i**f + 3*i**2. Determine s(7).
-5
Let z(k) be the first derivative of -k**6/360 - 3*k**5/40 - k**4/4 - 2*k**3/3 - 5*k**2 - 53. Let a(n) be the third derivative of z(n). What is a(-9)?
-6
Let s(r) = r**3 - 3*r**2 - 14. Let h be s(4). Let k(i) = 3*i**2 + i. What is k(h)?
14
Suppose 4*l - 1 - 7 = 0. Let j be (l/(-4))/((-7)/14). Let d(s) = -15*s. What is d(j)?
-15
Let k(q) = 3*q**2 + 3*q + 2. Let v(f) = 3*f**2 + 2*f + 2. Let m(b) = -4*k(b) + 3*v(b). Calculate m(-2).
-2
Let l be 1*(1/(-3))/((-5)/(-45)). Let d(t) = -t**3 - 2*t**2 + t - 4. Give d(l).
2
Let h(p) be the first derivative of p**4/4 - 2*p**3 + 5*p**2/2 - 4*p - 44. Give h(5).
-4
Let u(y) be the first derivative of -y**4/4 - y**3/3 + y - 75. Let d(f) = -4*f**3 + 3 + 0*f**2 - 6*f**2 + f + 0. Let t(z) = d(z) - 5*u(z). What is t(0)?
-2
Let c = -90 - -90. Suppose -6*l - 8*l - 154 = c. Let y(m) = m**3 + 12*m**2 + 10*m - 3. Calculate y(l).
8
Let a(g) be the first derivative of -g**3 + 29*g**2/2 - 32*g - 10. Let w(s) = s**2 - 10*s + 11. Let r(p) = 3*a(p) + 8*w(p). What is r(6)?
-2
Suppose 2 = 3*c - 4. Suppose -c*h = -h - 3. Let y(q) = 1 + h - 5*q + 3*q - 1. Give y(4).
-5
Let n(q) = -11*q. Let p(b) = -2*b**2 - 30*b + 1. Let s be p(-15). What is n(s)?
-11
Let m(k) be the first derivative of -2*k**3/3 - k**2 - 3*k - 131. Determine m(3).
-27
Let k(x) be the second derivative of -x**3/3 + 3*x**2/2 + 104*x. Let u = 13 + -8. Give k(u).
-7
Let f(g) = g**2 - g. Let n(y) be the first derivative of y**4/4 - 5*y**3 - 17*y**2 - 3*y - 34. Let l be n(17). What is f(l)?
12
Let d(y) = -y**2 - 3*y + 7. Let i = -153 - -157. Suppose i*u + 2 = -2*j - 4, 5*j + 5*u - 5 = 0. Determ